{"id":9276,"date":"2021-12-30T20:29:00","date_gmt":"2021-12-30T20:29:00","guid":{"rendered":""},"modified":"2025-02-15T21:31:46","modified_gmt":"2025-02-15T21:31:46","slug":"politica-de-privacidad","status":"publish","type":"page","link":"https:\/\/cepic.es\/en\/politica-de-privacidad\/","title":{"rendered":"Privacy policy"},"content":{"rendered":"<div data-elementor-type=\"wp-page\" data-elementor-id=\"9276\" class=\"elementor elementor-9276\">\n\t\t\t\t\t\t<section class=\"elementor-section elementor-top-section elementor-element elementor-element-7133471 elementor-section-full_width qodef-elementor-content-grid elementor-section-height-min-height elementor-section-height-default elementor-section-items-middle\" data-id=\"7133471\" data-element_type=\"section\" data-e-type=\"section\" data-settings=\"{&quot;background_background&quot;:&quot;classic&quot;}\">\n\t\t\t\t\t\t<div class=\"elementor-container elementor-column-gap-default\">\n\t\t\t\t\t<div class=\"elementor-column elementor-col-100 elementor-top-column elementor-element elementor-element-cfbfca8\" data-id=\"cfbfca8\" data-element_type=\"column\" data-e-type=\"column\">\n\t\t\t<div class=\"elementor-widget-wrap elementor-element-populated\">\n\t\t\t\t\t\t<div class=\"elementor-element elementor-element-6e2543a elementor-widget elementor-widget-coachfocus_core_section_title\" data-id=\"6e2543a\" data-element_type=\"widget\" data-e-type=\"widget\" data-widget_type=\"coachfocus_core_section_title.default\">\n\t\t\t\t<div class=\"elementor-widget-container\">\n\t\t\t\t\t<div class=\"qodef-shortcode qodef-m  qodef-section-title qodef-alignment--left\">\n\t\t<h1 class=\"qodef-m-title\" style=\"color: #FF5028\">\n\t\t\t\t\tPrivacy policy\t\t\t<\/h1>\n\t<\/div>\n\t\t\t\t<\/div>\n\t\t\t\t<\/div>\n\t\t\t\t\t<\/div>\n\t\t<\/div>\n\t\t\t\t\t<\/div>\n\t\t<\/section>\n\t\t<div class=\"elementor-element elementor-element-1f36c3d5 e-flex e-con-boxed e-con e-parent\" data-id=\"1f36c3d5\" data-element_type=\"container\" data-e-type=\"container\">\n\t\t\t\t\t<div class=\"e-con-inner\">\n\t\t\t\t<div class=\"elementor-element elementor-element-76cbaa8d elementor-widget elementor-widget-text-editor\" data-id=\"76cbaa8d\" data-element_type=\"widget\" data-e-type=\"widget\" data-widget_type=\"text-editor.default\">\n\t\t\t\t<div class=\"elementor-widget-container\">\n\t\t\t\t\t\t\t\t\t<p style=\"text-align: justify;\"><span style=\"color: #642828; font-family: strawford;\"><b>Who is responsible for processing your data?<\/b><\/span><\/p><div style=\"text-align: justify;\"><span style=\"font-family: strawford;\">\u00a0<\/span><\/div><div style=\"text-align: justify;\"><span style=\"font-family: strawford;\">The Centro para la Pedagog\u00eda de los Instrumentos de Cuerda (CEPIC) brand is owned by Andr\u00e9s Ortiz Sa\u00faco (hereinafter \"the entrepreneur\"), who is responsible for the processing of the personal data CEPIC collects:<\/span><\/div><div style=\"text-align: justify;\"><span style=\"font-family: strawford;\">\u00a0<\/span><\/div><div style=\"text-align: justify;\"><span style=\"font-family: strawford;\">Andr\u00e9s Ortiz Sa\u00faco<\/span><\/div><div style=\"text-align: justify;\"><span style=\"font-family: strawford;\">\u00a0<\/span><\/div><div style=\"text-align: justify;\"><span style=\"font-family: strawford;\">Business ID: ES09047873H<\/span><\/div><div style=\"text-align: justify;\"><span style=\"font-family: strawford;\">\u00a0<\/span><\/div><div style=\"text-align: justify;\"><span style=\"font-family: strawford;\">Address: Avenida del Manzanares, 202, <\/span><span style=\"font-family: strawford;\">28026 Madrid, <\/span><span style=\"font-family: strawford;\">Spain<\/span><\/div><div style=\"text-align: justify;\"><span style=\"font-family: strawford;\">\u00a0<\/span><\/div><div style=\"text-align: justify;\"><span style=\"font-family: strawford;\">Tel\u00e9fono: +34 686381692<\/span><\/div><div style=\"text-align: justify;\"><span style=\"font-family: strawford;\">\u00a0<\/span><\/div><div style=\"text-align: justify;\"><span style=\"font-family: strawford;\">E-mail: info@cepic.es<\/span><\/div><div style=\"text-align: justify;\"><span style=\"font-family: strawford;\">\u00a0<\/span><\/div><div style=\"text-align: justify;\"><span style=\"font-family: strawford;\">\u00a0<\/span><\/div><div style=\"text-align: justify;\"><span style=\"color: #642828; font-family: strawford;\"><b>Legality of data processing<\/b><\/span><\/div><div style=\"text-align: justify;\"><span style=\"font-family: strawford;\">\u00a0<\/span><\/div><div style=\"text-align: justify;\"><span style=\"font-family: strawford;\">The entrepreneur informs you that these data will be treated in accordance with the provisions of current regulations on personal data protection, Regulation (EU) 2016\/679 of April 27, 2016 (GDPR) and Organic Law 3\/2018, of December 5, on the Protection of Personal Data and guarantee of digital rights, for which the following treatment information is provided:<\/span><\/div><div style=\"text-align: justify;\"><span style=\"font-family: strawford;\">\u00a0<\/span><\/div><div style=\"text-align: justify;\"><span style=\"font-family: strawford;\">As long as the entrepreneur has the consent of the interested party for the processing of personal data, section a) of point 1) of article 6 of the GDPR governs as a legal basis.<\/span><\/div><div>\u00a0<\/div><div style=\"text-align: justify;\"><span style=\"font-family: strawford;\">If the processing of personal data is necessary for the execution of a contract with the interested party or of pre-contractual measures, section b) of point 1) of article 6 of the GDPR governs.<\/span><\/div><div style=\"text-align: justify;\"><span style=\"font-family: strawford;\">\u00a0<\/span><\/div><div style=\"text-align: justify;\"><span style=\"font-family: strawford;\">If the processing of personal data is the consequence of a legal obligation on the entrepreneur's part, we refer to section c) of point 1) of article 6 of the GDPR.<\/span><\/div><div>\u00a0<\/div><div style=\"text-align: justify;\"><span style=\"font-family: strawford;\">If the purpose of the processing of personal data is to protect the vital interests of the interested party or another natural person, we rely on section d) of point 1) of article 6 of the GDPR.<\/span><\/div><div style=\"text-align: justify;\">\u00a0<\/div><div style=\"text-align: justify;\"><span style=\"font-family: strawford;\">If the processing of personal data is necessary to fulfill a task of public interest or in the exercise of a public obligation, we refer to section e) of point 1) of article 6 of the GDPR.<\/span><\/div><div style=\"text-align: justify;\"><span style=\"font-family: strawford;\">\u00a0<\/span><\/div><div style=\"text-align: justify;\"><span style=\"font-family: strawford;\">As long as the data processing is necessary to satisfy the legitimate interests of the entrepreneur or of a third party without jeopardizing the interests, rights or fundamental freedoms of the interested party, the legal basis is established by section f) of point 1) of article 6 of the GDPR.<\/span><\/div><div style=\"text-align: justify;\"><span style=\"font-family: strawford;\">\u00a0<\/span><\/div><div style=\"text-align: justify;\"><span style=\"font-family: strawford;\">\u00a0<\/span><\/div><div style=\"text-align: justify;\"><span style=\"color: #642828; font-family: strawford;\"><b>Purpose of data processing and recipients<\/b><\/span><\/div><div style=\"text-align: justify;\"><span style=\"font-family: strawford;\">\u00a0<\/span><\/div><div style=\"text-align: justify;\"><span style=\"font-family: strawford;\">In order to offer you services, the entrepreneur collects personal data at different times and with different purposes. Sometimes, the entrepreneur needs to share these data with necessary collaborators:<\/span><\/div><div style=\"text-align: justify;\"><span style=\"font-family: strawford;\">\u00a0<\/span><\/div><div><ul style=\"text-align: left;\"><li style=\"text-align: justify;\"><span style=\"font-family: strawford;\">Application forms for published courses and the newsletter, run by Paperform (Post Office Box 4, Summer Hill, NSW 2130, Australia). You can see all the information regarding Paperform's privacy policy at this link: https:\/\/paperform.co\/privacy.<\/span><\/li><\/ul><ul style=\"text-align: left;\"><li style=\"text-align: justify;\"><span style=\"font-family: strawford;\">Stripe Inc. payment gateway (510 Townsend Street San Francisco, California 94103, United States) integrated with the application forms. Stripe does not share the digits of the credit card used for payment with the entrepreneur. You can read Stripe's privacy policy at this link: https:\/\/stripe.com\/en-es\/privacy.\u00a0<\/span><\/li><\/ul><ul style=\"text-align: left;\"><li style=\"text-align: justify;\"><span style=\"font-family: strawford;\">Classes via videoconference and recordings through Zoom Video Communications (55 Almaden Boulevard Sixth Floor, San Jose, California 95113, United States). With the intention of allowing active participation, tracking attendance and for promotional purposes such as posting on the social networks Instagram and Facebook (https:\/\/www.facebook.com\/policy), we process and store images, recordings and names that allow the identification of the participants. The recordings are stored in the entrepreneur's drives and on the Zoom platform for the necessary time. You can view Zoom's privacy policy here: https:\/\/explore.zoom.us\/es\/privacy\/.\u00a0<\/span><\/li><\/ul><ul style=\"text-align: left;\"><li style=\"text-align: justify;\"><span style=\"font-family: strawford;\">The Spotlightr video platform, owned by Zimmplify LLC (3001 N. Rocky Point Dr. East, Ste. 200, Tampa, Florida 33607, United States), as a tool to temporarily share the recordings of the courses with the participants. The Spotlightr platform tracks users\u2019 IPs, the type of device used and their interaction with the videos. It collects these data and provides them to the entrepreneur. The entrepreneur is the creator of your individual password and, therefore, the only one capable of establishing a relationship between the data provided by Spotlightr and your identity as a user. The Spotlightr platform does not sell or provide the data it collects to third parties. You can see Spotlightr's privacy policy here: https:\/\/spotlightr.com\/privacy.\u00a0<\/span><\/li><\/ul><ul style=\"text-align: left;\"><li style=\"text-align: justify;\"><span style=\"font-family: strawford;\">Links to third parties on the website specified below: our sponsor Lutherie Sophie, owned by Laurent Lopez Luthier S.L. (calle de Guerrero y Mendoza, 17, 28002 Madrid, Spain), whose privacy policy can be found at https:\/\/lutheriesophie.com\/politica-de-privacidad\/, and the social networks Facebook and Instagram, owned by Meta Platform Inc. (1 Hacker Way, Menlo Park, California 94025, United States), whose privacy policy can be read at https:\/\/www.facebook.com\/policy. These links create a direct connection between your browser and the servers of these companies as soon as they are activated by clicking on them.\u00a0<\/span><\/li><\/ul><\/div><div style=\"text-align: justify;\"><span style=\"font-family: strawford;\">\u00a0<\/span><\/div><div style=\"text-align: justify;\">\u00a0<\/div><div style=\"text-align: justify;\"><span style=\"color: #642828; font-family: strawford;\"><b>Data retention period<\/b><\/span><\/div><div style=\"text-align: justify;\"><span style=\"font-family: strawford;\">\u00a0<\/span><\/div><div style=\"text-align: justify;\"><span style=\"font-family: strawford;\">All personal data that collected by the entrepreneur are erased as soon as the reason for such collection has been met.\u00a0<\/span><\/div><div style=\"text-align: justify;\"><span style=\"font-family: strawford;\">\u00a0<\/span><\/div><div style=\"text-align: justify;\"><span style=\"color: #ffa400; font-family: strawford;\"><b>\u00a0<\/b><\/span><\/div><div style=\"text-align: justify;\"><span style=\"color: #642828; font-family: strawford;\"><b>Rights of the interested party<\/b><\/span><\/div><div style=\"text-align: justify;\"><span style=\"font-family: strawford;\">\u00a0<\/span><\/div><div style=\"text-align: justify;\"><span style=\"font-family: strawford;\">In accordance with GDPR, the person whose personal data are being processed is considered the interested party, which is why they can benefit from the rights recognized by this fundamental directive on data protection, which are: the right to information (art. 15), rectification (art. 16), deletion (art. 17), limitation of treatment (art. 18), opposition (art. 21), to file a claim with a supervisory authority (art. 77) and portability (art. 20).<\/span><\/div>\t\t\t\t\t\t\t\t<\/div>\n\t\t\t\t<\/div>\n\t\t\t\t\t<\/div>\n\t\t\t\t<\/div>\n\t\t\t\t<\/div>","protected":false},"excerpt":{"rendered":"<p>Pol\u00edtica de privacidad Responsable de los datos \u00a0El responsable del tratamiento de los datos de \u00edndole personal recogidos por la marca Centro para la Pedagog\u00eda de los Instrumentos (CEPIC) es:\u00a0Andr\u00e9s Ortiz Sa\u00faco\u00a0NIF: ES09047873H\u00a0Direcci\u00f3n: Avenida del Manzanares, 202, 28026 Madrid, Espa\u00f1a\u00a0Tel\u00e9fono: +34 686381692\u00a0E-mail: info@cepic.es\u00a0\u00a0Licitud del tratamiento de los datos\u00a0El empresario te informa de que estos datos [&hellip;]<\/p>\n","protected":false},"author":3,"featured_media":0,"parent":0,"menu_order":0,"comment_status":"closed","ping_status":"closed","template":"page-full-width.php","meta":{"footnotes":""},"class_list":["post-9276","page","type-page","status-publish","hentry"],"_links":{"self":[{"href":"https:\/\/cepic.es\/en\/wp-json\/wp\/v2\/pages\/9276","targetHints":{"allow":["GET"]}}],"collection":[{"href":"https:\/\/cepic.es\/en\/wp-json\/wp\/v2\/pages"}],"about":[{"href":"https:\/\/cepic.es\/en\/wp-json\/wp\/v2\/types\/page"}],"author":[{"embeddable":true,"href":"https:\/\/cepic.es\/en\/wp-json\/wp\/v2\/users\/3"}],"replies":[{"embeddable":true,"href":"https:\/\/cepic.es\/en\/wp-json\/wp\/v2\/comments?post=9276"}],"version-history":[{"count":25,"href":"https:\/\/cepic.es\/en\/wp-json\/wp\/v2\/pages\/9276\/revisions"}],"predecessor-version":[{"id":14667,"href":"https:\/\/cepic.es\/en\/wp-json\/wp\/v2\/pages\/9276\/revisions\/14667"}],"wp:attachment":[{"href":"https:\/\/cepic.es\/en\/wp-json\/wp\/v2\/media?parent=9276"}],"curies":[{"name":"wp","href":"https:\/\/api.w.org\/{rel}","templated":true}]}}

<div data-elementor-type="wp-page" data-elementor-id="9276" class="elementor elementor-9276">
						<section class="elementor-section elementor-top-section elementor-element elementor-element-7133471 elementor-section-full_width qodef-elementor-content-grid elementor-section-height-min-height elementor-section-height-default elementor-section-items-middle" data-id="7133471" data-element_type="section" data-e-type="section" data-settings="{&quot;background_background&quot;:&quot;classic&quot;}">
						<div class="elementor-container elementor-column-gap-default">
					<div class="elementor-column elementor-col-100 elementor-top-column elementor-element elementor-element-cfbfca8" data-id="cfbfca8" data-element_type="column" data-e-type="column">
			<div class="elementor-widget-wrap elementor-element-populated">
						<div class="elementor-element elementor-element-6e2543a elementor-widget elementor-widget-coachfocus_core_section_title" data-id="6e2543a" data-element_type="widget" data-e-type="widget" data-widget_type="coachfocus_core_section_title.default">
				<div class="elementor-widget-container">
					<div class="qodef-shortcode qodef-m  qodef-section-title qodef-alignment--left">
		<h1 class="qodef-m-title" style="color: #FF5028">
					Privacy policy			</h1>
	</div>
				</div>
				</div>
					</div>
		</div>
					</div>
		</section>
		<div class="elementor-element elementor-element-1f36c3d5 e-flex e-con-boxed e-con e-parent" data-id="1f36c3d5" data-element_type="container" data-e-type="container">
					<div class="e-con-inner">
				<div class="elementor-element elementor-element-76cbaa8d elementor-widget elementor-widget-text-editor" data-id="76cbaa8d" data-element_type="widget" data-e-type="widget" data-widget_type="text-editor.default">
				<div class="elementor-widget-container">
									<p style="text-align: justify;"><span style="color: #642828; font-family: strawford;"><b>Who is responsible for processing your data?</b></span></p><div style="text-align: justify;"><span style="font-family: strawford;"> </span></div><div style="text-align: justify;"><span style="font-family: strawford;">The Centro para la Pedagogía de los Instrumentos de Cuerda (CEPIC) brand is owned by Andrés Ortiz Saúco (hereinafter "the entrepreneur"), who is responsible for the processing of the personal data CEPIC collects:</span></div><div style="text-align: justify;"><span style="font-family: strawford;"> </span></div><div style="text-align: justify;"><span style="font-family: strawford;">Andrés Ortiz Saúco</span></div><div style="text-align: justify;"><span style="font-family: strawford;"> </span></div><div style="text-align: justify;"><span style="font-family: strawford;">Business ID: ES09047873H</span></div><div style="text-align: justify;"><span style="font-family: strawford;"> </span></div><div style="text-align: justify;"><span style="font-family: strawford;">Address: Avenida del Manzanares, 202, </span><span style="font-family: strawford;">28026 Madrid, </span><span style="font-family: strawford;">Spain</span></div><div style="text-align: justify;"><span style="font-family: strawford;"> </span></div><div style="text-align: justify;"><span style="font-family: strawford;">Teléfono: +34 686381692</span></div><div style="text-align: justify;"><span style="font-family: strawford;"> </span></div><div style="text-align: justify;"><span style="font-family: strawford;">E-mail: info@cepic.es</span></div><div style="text-align: justify;"><span style="font-family: strawford;"> </span></div><div style="text-align: justify;"><span style="font-family: strawford;"> </span></div><div style="text-align: justify;"><span style="color: #642828; font-family: strawford;"><b>Legality of data processing</b></span></div><div style="text-align: justify;"><span style="font-family: strawford;"> </span></div><div style="text-align: justify;"><span style="font-family: strawford;">The entrepreneur informs you that these data will be treated in accordance with the provisions of current regulations on personal data protection, Regulation (EU) 2016/679 of April 27, 2016 (GDPR) and Organic Law 3/2018, of December 5, on the Protection of Personal Data and guarantee of digital rights, for which the following treatment information is provided:</span></div><div style="text-align: justify;"><span style="font-family: strawford;"> </span></div><div style="text-align: justify;"><span style="font-family: strawford;">As long as the entrepreneur has the consent of the interested party for the processing of personal data, section a) of point 1) of article 6 of the GDPR governs as a legal basis.</span></div><div> </div><div style="text-align: justify;"><span style="font-family: strawford;">If the processing of personal data is necessary for the execution of a contract with the interested party or of pre-contractual measures, section b) of point 1) of article 6 of the GDPR governs.</span></div><div style="text-align: justify;"><span style="font-family: strawford;"> </span></div><div style="text-align: justify;"><span style="font-family: strawford;">If the processing of personal data is the consequence of a legal obligation on the entrepreneur's part, we refer to section c) of point 1) of article 6 of the GDPR.</span></div><div> </div><div style="text-align: justify;"><span style="font-family: strawford;">If the purpose of the processing of personal data is to protect the vital interests of the interested party or another natural person, we rely on section d) of point 1) of article 6 of the GDPR.</span></div><div style="text-align: justify;"> </div><div style="text-align: justify;"><span style="font-family: strawford;">If the processing of personal data is necessary to fulfill a task of public interest or in the exercise of a public obligation, we refer to section e) of point 1) of article 6 of the GDPR.</span></div><div style="text-align: justify;"><span style="font-family: strawford;"> </span></div><div style="text-align: justify;"><span style="font-family: strawford;">As long as the data processing is necessary to satisfy the legitimate interests of the entrepreneur or of a third party without jeopardizing the interests, rights or fundamental freedoms of the interested party, the legal basis is established by section f) of point 1) of article 6 of the GDPR.</span></div><div style="text-align: justify;"><span style="font-family: strawford;"> </span></div><div style="text-align: justify;"><span style="font-family: strawford;"> </span></div><div style="text-align: justify;"><span style="color: #642828; font-family: strawford;"><b>Purpose of data processing and recipients</b></span></div><div style="text-align: justify;"><span style="font-family: strawford;"> </span></div><div style="text-align: justify;"><span style="font-family: strawford;">In order to offer you services, the entrepreneur collects personal data at different times and with different purposes. Sometimes, the entrepreneur needs to share these data with necessary collaborators:</span></div><div style="text-align: justify;"><span style="font-family: strawford;"> </span></div><div><ul style="text-align: left;"><li style="text-align: justify;"><span style="font-family: strawford;">Application forms for published courses and the newsletter, run by Paperform (Post Office Box 4, Summer Hill, NSW 2130, Australia). You can see all the information regarding Paperform's privacy policy at this link: https://paperform.co/privacy.</span></li></ul><ul style="text-align: left;"><li style="text-align: justify;"><span style="font-family: strawford;">Stripe Inc. payment gateway (510 Townsend Street San Francisco, California 94103, United States) integrated with the application forms. Stripe does not share the digits of the credit card used for payment with the entrepreneur. You can read Stripe's privacy policy at this link: https://stripe.com/en-es/privacy. </span></li></ul><ul style="text-align: left;"><li style="text-align: justify;"><span style="font-family: strawford;">Classes via videoconference and recordings through Zoom Video Communications (55 Almaden Boulevard Sixth Floor, San Jose, California 95113, United States). With the intention of allowing active participation, tracking attendance and for promotional purposes such as posting on the social networks Instagram and Facebook (https://www.facebook.com/policy), we process and store images, recordings and names that allow the identification of the participants. The recordings are stored in the entrepreneur's drives and on the Zoom platform for the necessary time. You can view Zoom's privacy policy here: https://explore.zoom.us/es/privacy/. </span></li></ul><ul style="text-align: left;"><li style="text-align: justify;"><span style="font-family: strawford;">The Spotlightr video platform, owned by Zimmplify LLC (3001 N. Rocky Point Dr. East, Ste. 200, Tampa, Florida 33607, United States), as a tool to temporarily share the recordings of the courses with the participants. The Spotlightr platform tracks users’ IPs, the type of device used and their interaction with the videos. It collects these data and provides them to the entrepreneur. The entrepreneur is the creator of your individual password and, therefore, the only one capable of establishing a relationship between the data provided by Spotlightr and your identity as a user. The Spotlightr platform does not sell or provide the data it collects to third parties. You can see Spotlightr's privacy policy here: https://spotlightr.com/privacy. </span></li></ul><ul style="text-align: left;"><li style="text-align: justify;"><span style="font-family: strawford;">Links to third parties on the website specified below: our sponsor Lutherie Sophie, owned by Laurent Lopez Luthier S.L. (calle de Guerrero y Mendoza, 17, 28002 Madrid, Spain), whose privacy policy can be found at https://lutheriesophie.com/politica-de-privacidad/, and the social networks Facebook and Instagram, owned by Meta Platform Inc. (1 Hacker Way, Menlo Park, California 94025, United States), whose privacy policy can be read at https://www.facebook.com/policy. These links create a direct connection between your browser and the servers of these companies as soon as they are activated by clicking on them. </span></li></ul></div><div style="text-align: justify;"><span style="font-family: strawford;"> </span></div><div style="text-align: justify;"> </div><div style="text-align: justify;"><span style="color: #642828; font-family: strawford;"><b>Data retention period</b></span></div><div style="text-align: justify;"><span style="font-family: strawford;"> </span></div><div style="text-align: justify;"><span style="font-family: strawford;">All personal data that collected by the entrepreneur are erased as soon as the reason for such collection has been met. </span></div><div style="text-align: justify;"><span style="font-family: strawford;"> </span></div><div style="text-align: justify;"><span style="color: #ffa400; font-family: strawford;"><b> </b></span></div><div style="text-align: justify;"><span style="color: #642828; font-family: strawford;"><b>Rights of the interested party</b></span></div><div style="text-align: justify;"><span style="font-family: strawford;"> </span></div><div style="text-align: justify;"><span style="font-family: strawford;">In accordance with GDPR, the person whose personal data are being processed is considered the interested party, which is why they can benefit from the rights recognized by this fundamental directive on data protection, which are: the right to information (art. 15), rectification (art. 16), deletion (art. 17), limitation of treatment (art. 18), opposition (art. 21), to file a claim with a supervisory authority (art. 77) and portability (art. 20).</span></div>								</div>
				</div>
					</div>
				</div>
				</div>

<p>Política de privacidad Responsable de los datos  El responsable del tratamiento de los datos de índole personal recogidos por la marca Centro para la Pedagogía de los Instrumentos (CEPIC) es: Andrés Ortiz Saúco NIF: ES09047873H Dirección: Avenida del Manzanares, 202, 28026 Madrid, España Teléfono: +34 686381692 E-mail: info@cepic.es  Licitud del tratamiento de los datos El empresario te informa de que estos datos [&hellip;]</p>
